{"id":367,"date":"2014-07-21T15:59:54","date_gmt":"2014-07-21T15:59:54","guid":{"rendered":"http:\/\/192.168.1.104\/restaurant-op\/?page_id=367"},"modified":"2024-11-28T15:54:23","modified_gmt":"2024-11-28T18:54:23","slug":"frontpage","status":"publish","type":"page","link":"https:\/\/www.criativabrasil.com.br\/","title":{"rendered":"Home"},"content":{"rendered":"<div id='fullscreen_slider_1'  class='avia-fullscreen-slider main_color   avia-builder-el-0  el_before_av_section  avia-builder-el-first   container_wrap sidebar_right'  ><a href='#next-section' title='' class='scroll-down-link av-control-hidden' aria-hidden='true' data-av_icon='\ue877' data-av_iconfont='entypo-fontello'><\/a><div   data-size='no scaling'  data-lightbox_size='large'  data-animation='fade'  data-conditional_play=''  data-ids='420,422,424'  data-video_counter='0'  data-autoplay='true'  data-bg_slider='true'  data-slide_height='100'  data-handle='av_fullscreen'  data-interval='5'  data-class=' '  data-el_id=''  data-css_id='fullscreen_slider_1'  data-scroll_down='aviaTBscroll_down'  data-control_layout='av-control-hidden'  data-custom_markup=''  data-perma_caption=''  data-autoplay_stopper=''  data-image_attachment=''  data-min_height='0px'  data-lazy_loading='disabled'  data-stretch=''  data-img_scrset=''  class='avia-slideshow avia-slideshow-1 av-slider-scroll-down-active av-control-hidden av-default-height-applied avia-slideshow-no scaling av_fullscreen   avia-fade-slider '  itemprop=\"image\" itemscope=\"itemscope\" itemtype=\"https:\/\/schema.org\/ImageObject\" ><ul class='avia-slideshow-inner ' style='padding-bottom: 73.499090357793%;' ><li style='background-position:center center;' data-img-url='https:\/\/www.criativabrasil.com.br\/wp-content\/uploads\/2021\/12\/animacao_001.jpg' class=' slide-1 ' ><div data-rel='slideshow-1' class='avia-slide-wrap '   ><div class = \"caption_fullwidth av-slideshow-caption caption_left\"><div class = \"container caption_container\"><div class = \"slideshow_caption\"><div class = \"slideshow_inner_caption\"><div class = \"slideshow_align_caption\"><h2  class='avia-caption-title  '  itemprop=\"name\" >COM\u00d4DA COM RODIZIOS<\/h2><div class='avia-caption-content  '  itemprop=\"description\"  ><p>REF: 1067<\/p>\n<\/div><\/div><\/div><\/div><\/div><\/div><\/div><\/li><li style='background-position:center center;' data-img-url='https:\/\/www.criativabrasil.com.br\/wp-content\/uploads\/2021\/12\/animacao_002.jpg' class=' slide-2 ' ><div data-rel='slideshow-1' class='avia-slide-wrap '   ><div class = \"caption_fullwidth av-slideshow-caption caption_right\"><div class = \"container caption_container\"><div class = \"slideshow_caption\"><div class = \"slideshow_inner_caption\"><div class = \"slideshow_align_caption\"><h2  class='avia-caption-title  '  itemprop=\"name\" >ARM\u00c1RIO E  A\u00c9REO<\/h2><div class='avia-caption-content  '  itemprop=\"description\"  ><p>REF: 1057<br \/>\nREF: 1157<\/p>\n<\/div><\/div><\/div><\/div><\/div><\/div><\/div><\/li><li style='background-position:center center;' data-img-url='https:\/\/www.criativabrasil.com.br\/wp-content\/uploads\/2021\/12\/animacao_003.jpg' class=' slide-3 ' ><div data-rel='slideshow-1' class='avia-slide-wrap '   ><div class = \"caption_fullwidth av-slideshow-caption caption_left\"><div class = \"container caption_container\"><div class = \"slideshow_caption\"><div class = \"slideshow_inner_caption\"><div class = \"slideshow_align_caption\"><h2  class='avia-caption-title  '  itemprop=\"name\" >FRUTEIRA COM RODIZIOS<\/h2><div class='avia-caption-content  '  itemprop=\"description\"  ><p>REF: 1031<\/p>\n<\/div><\/div><\/div><\/div><\/div><\/div><\/div><\/li><\/ul><div class='avia-slideshow-arrows avia-slideshow-controls' ><a href='#prev' class='prev-slide ' aria-hidden='true' data-av_icon='\ue87c' data-av_iconfont='entypo-fontello'  tabindex='-1'>Anterior<\/a><a href='#next' class='next-slide ' aria-hidden='true' data-av_icon='\ue87d' data-av_iconfont='entypo-fontello'  tabindex='-1'>Pr\u00f3ximo<\/a><\/div><div class='avia-slideshow-dots avia-slideshow-controls'><a href='#1' class='goto-slide active' >1<\/a><a href='#2' class='goto-slide ' >2<\/a><a href='#3' class='goto-slide ' >3<\/a><\/div><\/div><\/div>\n<div id='sobre-nos'  class='avia-section av-lamslz-e15cf4bebcba4e4baf71c4611dccffd6 main_color avia-section-default avia-no-shadow  avia-builder-el-1  el_after_av_fullscreen  el_before_av_section  avia-bg-style-scroll  container_wrap sidebar_right'  ><div class='container av-section-cont-open' ><div class='template-page content  av-content-small alpha units'><div class='post-entry post-entry-type-page post-entry-367'><div class='entry-content-wrapper clearfix'>\n\n<style type=\"text\/css\" data-created_by=\"avia_inline_auto\" id=\"style-css-av-l1iywv-b6e2d7f4d8a7a1987be8a35a772f1f6a\">\n#top .av-special-heading.av-l1iywv-b6e2d7f4d8a7a1987be8a35a772f1f6a{\npadding-bottom:50px;\nfont-size:60px;\n}\n<\/style>\n<div  class='av-special-heading av-l1iywv-b6e2d7f4d8a7a1987be8a35a772f1f6a av-special-heading-h2 blockquote modern-quote modern-centered  avia-builder-el-2  el_before_av_one_half  avia-builder-el-first  av-inherit-size '><h2 class='av-special-heading-tag '  itemprop=\"headline\"  >Sobre N\u00f3s<\/h2><div class='special-heading-border'><div class='special-heading-inner-border'><\/div><\/div><\/div>\n<div class='flex_column av-kvpe5r-1b43355e7165df2fa2cefb1b297096ac av_one_half  avia-builder-el-3  el_after_av_heading  el_before_av_one_half  first flex_column_div '   ><p>\n<style type=\"text\/css\" data-created_by=\"avia_inline_auto\" id=\"style-css-av-ksj2f3-5a7210f042da42faaaf34c4c6d5a31bd\">\n#top .av-special-heading.av-ksj2f3-5a7210f042da42faaaf34c4c6d5a31bd{\npadding-bottom:20px;\n}\n.av-special-heading.av-ksj2f3-5a7210f042da42faaaf34c4c6d5a31bd .av-subheading{\nfont-size:15px;\n}\n<\/style>\n<div  class='av-special-heading av-ksj2f3-5a7210f042da42faaaf34c4c6d5a31bd av-special-heading-h2 blockquote modern-quote  avia-builder-el-4  el_before_av_textblock  avia-builder-el-first  av-thin-font '><h2 class='av-special-heading-tag '  itemprop=\"headline\"  >Algumas palavras  <strong>Sobre N\u00f3s<\/strong><\/h2><div class='av-subheading av-subheading_below '><p>Vamos nos apresentar<\/p>\n<\/div><div class='special-heading-border'><div class='special-heading-inner-border'><\/div><\/div><\/div><br \/>\n<section  class='av_textblock_section av-kjf43b-dd19708943896d31d1768e7c9497fa81 '  itemscope=\"itemscope\" itemtype=\"https:\/\/schema.org\/CreativeWork\" ><div class='avia_textblock '  itemprop=\"text\" ><p>A\u00a0<strong>Criativa M\u00f3veis do Brasil<\/strong>\u00a0est\u00e1 desde 1994 no mercado unindo design inovadores, praticidade e qualidade nos seus produtos. A empresa atende a todo o mercado nacional.<\/p>\n<p>Rua: Adamo Facchin, 35 | Bairro: Tamandar\u00e9 &#8211; Garibaldi \/ RS<br \/>\nCEP: 95720-000 | Fone: (54) 3464.7040 ou 3464.7055<br \/>\ncriativa@criativabrasil.com.br<\/p>\n<\/div><\/section><\/p><\/div><div class='flex_column av-kdck1b-260b7b50ad222c0f1723798ebaed45dd av_one_half  avia-builder-el-6  el_after_av_one_half  el_before_av_hr  first flex_column_div column-top-margin'   ><p>\n<style type=\"text\/css\" data-created_by=\"avia_inline_auto\" id=\"style-css-av-212avb-faf49e41dfa1b110f9da7db08a2af296\">\n#top .av-special-heading.av-212avb-faf49e41dfa1b110f9da7db08a2af296{\npadding-bottom:20px;\n}\n<\/style>\n<div  class='av-special-heading av-212avb-faf49e41dfa1b110f9da7db08a2af296 av-special-heading-h2 blockquote modern-quote  avia-builder-el-7  el_before_av_textblock  avia-builder-el-first  av-thin-font '><h2 class='av-special-heading-tag '  itemprop=\"headline\"  >Nossa <strong>EMPRESA<\/strong><\/h2><div class='special-heading-border'><div class='special-heading-inner-border'><\/div><\/div><\/div><br \/>\n<section  class='av_textblock_section av-k5gb0f-8bc14257c16e3e1053eab9f6b86baf7d '  itemscope=\"itemscope\" itemtype=\"https:\/\/schema.org\/CreativeWork\" ><div class='avia_textblock '  itemprop=\"text\" ><p><img loading=\"lazy\" decoding=\"async\" class=\"alignnone size-full wp-image-409\" src=\"https:\/\/www.criativabrasil.com.br\/wp-content\/uploads\/2021\/12\/empresa.jpg\" alt=\"\" width=\"704\" height=\"479\" srcset=\"https:\/\/www.criativabrasil.com.br\/wp-content\/uploads\/2021\/12\/empresa.jpg 704w, https:\/\/www.criativabrasil.com.br\/wp-content\/uploads\/2021\/12\/empresa-300x204.jpg 300w\" sizes=\"auto, (max-width: 704px) 100vw, 704px\" \/><\/p>\n<\/div><\/section><\/p><\/div>\n<style type=\"text\/css\" data-created_by=\"avia_inline_auto\" id=\"style-css-av-jyxcof-a16a33fe495be7eca85538cfbabcee25\">\n#top .hr.hr-invisible.av-jyxcof-a16a33fe495be7eca85538cfbabcee25{\nheight:50px;\n}\n<\/style>\n<div  class='hr av-jyxcof-a16a33fe495be7eca85538cfbabcee25 hr-invisible  avia-builder-el-9  el_after_av_one_half  avia-builder-el-last  '><span class='hr-inner '><span class=\"hr-inner-style\"><\/span><\/span><\/div>\n<\/div><\/div><\/div><!-- close content main div --><\/div><\/div>\n<style type=\"text\/css\" data-created_by=\"avia_inline_auto\" id=\"style-css-av-kxkrfr1p-9b9c36a4081b9735d25feaf342f80f07\">\n.avia-section.av-kxkrfr1p-9b9c36a4081b9735d25feaf342f80f07{\nbackground-color:#8e7670;\nbackground:linear-gradient( to bottom right, #8e7670, #8e5b4e );\n}\n<\/style>\n<div id='produtos'  class='avia-section av-kxkrfr1p-9b9c36a4081b9735d25feaf342f80f07 main_color avia-section-default avia-no-shadow  avia-builder-el-10  el_after_av_section  el_before_av_section  avia-bg-style-scroll  container_wrap sidebar_right'  ><div class='container av-section-cont-open' ><div class='template-page content  av-content-small alpha units'><div class='post-entry post-entry-type-page post-entry-367'><div class='entry-content-wrapper clearfix'>\n\n<style type=\"text\/css\" data-created_by=\"avia_inline_auto\" id=\"style-css-av-kxkrfk8a-2e98b14437c2490c8a2aafbe683d2f8c\">\n#top .av-special-heading.av-kxkrfk8a-2e98b14437c2490c8a2aafbe683d2f8c{\npadding-bottom:50px;\nfont-size:60px;\n}\n<\/style>\n<div  class='av-special-heading av-kxkrfk8a-2e98b14437c2490c8a2aafbe683d2f8c av-special-heading-h2 blockquote modern-quote modern-centered  avia-builder-el-11  el_before_av_one_full  avia-builder-el-first  av-inherit-size '><h2 class='av-special-heading-tag '  itemprop=\"headline\"  >Produtos<\/h2><div class='special-heading-border'><div class='special-heading-inner-border'><\/div><\/div><\/div>\n<div class='flex_column av-18fjm7-38470f873f28eba693bfd1bdb60815c5 av_one_full  avia-builder-el-12  el_after_av_heading  el_before_av_one_third  first flex_column_div '   ><style type=\"text\/css\" data-created_by=\"avia_inline_auto\" id=\"style-css-av-kxkri9ut-dc215ade280e3fafca960ba6ebad7c91\">\n#top .av-special-heading.av-kxkri9ut-dc215ade280e3fafca960ba6ebad7c91{\npadding-bottom:20px;\n}\n<\/style>\n<div  class='av-special-heading av-kxkri9ut-dc215ade280e3fafca960ba6ebad7c91 av-special-heading-h2 blockquote modern-quote modern-centered  avia-builder-el-13  avia-builder-el-no-sibling  av-thin-font '><h2 class='av-special-heading-tag '  itemprop=\"headline\"  >Cat\u00e1logo <strong>CRIATIVA M\u00d3VEIS<\/strong> 2024<\/h2><div class='special-heading-border'><div class='special-heading-inner-border'><\/div><\/div><\/div><\/div><div class='flex_column av-av_one_third-a93934ecd89fbb8a9566d39e89cd3725 av_one_third  avia-builder-el-14  el_after_av_one_full  el_before_av_one_third  first flex_column_div column-top-margin'   ><\/div><div class='flex_column av-av_one_third-d06667205e6186ec8414c6eb7605d406 av_one_third  avia-builder-el-15  el_after_av_one_third  el_before_av_one_third  flex_column_div column-top-margin'   ><style type=\"text\/css\" data-created_by=\"avia_inline_auto\" id=\"style-css-av-kxkrm8rp-80f93a7416e8915e9372b79522dd2f3e\">\n.avia-image-container.av-kxkrm8rp-80f93a7416e8915e9372b79522dd2f3e .av-image-caption-overlay-center{\ncolor:#ffffff;\n}\n<\/style>\n<div  class='avia-image-container av-kxkrm8rp-80f93a7416e8915e9372b79522dd2f3e av-styling- av-hover-grow avia_animated_image avia_animate_when_almost_visible fade-in avia-align-center  avia-builder-el-16  avia-builder-el-no-sibling  '  itemprop=\"image\" itemscope=\"itemscope\" itemtype=\"https:\/\/schema.org\/ImageObject\" ><div class=\"avia-image-container-inner\"><div class=\"avia-image-overlay-wrap\"><a href=\"https:\/\/www.criativabrasil.com.br\/catalogo-Criativa-moveis-2024.pdf\" class='avia_image'  target=\"_blank\"  rel=\"noopener noreferrer\"><img decoding=\"async\" width=\"437\" height=\"632\" class='wp-image-459 avia-img-lazy-loading-not-459 avia_image' src=\"https:\/\/www.criativabrasil.com.br\/wp-content\/uploads\/2024\/11\/catalogo-2024.png\" alt='' title='catalogo-2024'  itemprop=\"thumbnailUrl\" srcset=\"https:\/\/www.criativabrasil.com.br\/wp-content\/uploads\/2024\/11\/catalogo-2024.png 437w, https:\/\/www.criativabrasil.com.br\/wp-content\/uploads\/2024\/11\/catalogo-2024-207x300.png 207w\" sizes=\"(max-width: 437px) 100vw, 437px\" \/><\/a><\/div><\/div><\/div><\/div><div class='flex_column av-av_one_third-d06667205e6186ec8414c6eb7605d406 av_one_third  avia-builder-el-17  el_after_av_one_third  el_before_av_hr  flex_column_div column-top-margin'   ><\/div>\n<style type=\"text\/css\" data-created_by=\"avia_inline_auto\" id=\"style-css-av-y03ev-e1d6e388a564d5d09a569dc27405bc2b\">\n#top .hr.hr-invisible.av-y03ev-e1d6e388a564d5d09a569dc27405bc2b{\nheight:50px;\n}\n<\/style>\n<div  class='hr av-y03ev-e1d6e388a564d5d09a569dc27405bc2b hr-invisible  avia-builder-el-18  el_after_av_one_third  avia-builder-el-last  '><span class='hr-inner '><span class=\"hr-inner-style\"><\/span><\/span><\/div>\n<\/div><\/div><\/div><!-- close content main div --><\/div><\/div><div id='contato'  class='avia-section av-kxkrwge0-72543483dd07366190dc5035bc867876 main_color avia-section-default avia-no-shadow  avia-builder-el-19  el_after_av_section  avia-builder-el-last  avia-bg-style-scroll  container_wrap sidebar_right'  ><div class='container av-section-cont-open' ><div class='template-page content  av-content-small alpha units'><div class='post-entry post-entry-type-page post-entry-367'><div class='entry-content-wrapper clearfix'>\n\n<style type=\"text\/css\" data-created_by=\"avia_inline_auto\" id=\"style-css-av-kxkrvys1-ddb7d413c545f1cefb100fc0527dbb96\">\n#top .av-special-heading.av-kxkrvys1-ddb7d413c545f1cefb100fc0527dbb96{\npadding-bottom:50px;\nfont-size:60px;\n}\n<\/style>\n<div  class='av-special-heading av-kxkrvys1-ddb7d413c545f1cefb100fc0527dbb96 av-special-heading-h2 blockquote modern-quote modern-centered  avia-builder-el-20  el_before_av_one_half  avia-builder-el-first  av-inherit-size '><h2 class='av-special-heading-tag '  itemprop=\"headline\"  >Contato<\/h2><div class='special-heading-border'><div class='special-heading-inner-border'><\/div><\/div><\/div>\n<div class='flex_column av-qku9r-5c250ce21f280ad22668d049a18fd271 av_one_half  avia-builder-el-21  el_after_av_heading  el_before_av_one_half  first flex_column_div '   ><p>\n<style type=\"text\/css\" data-created_by=\"avia_inline_auto\" id=\"style-css-av-kxkrxq5m-9a7b83484650b6275b96c4f3f1799fe9\">\n#top .av-special-heading.av-kxkrxq5m-9a7b83484650b6275b96c4f3f1799fe9{\npadding-bottom:20px;\n}\n.av-special-heading.av-kxkrxq5m-9a7b83484650b6275b96c4f3f1799fe9 .av-subheading{\nfont-size:15px;\n}\n<\/style>\n<div  class='av-special-heading av-kxkrxq5m-9a7b83484650b6275b96c4f3f1799fe9 av-special-heading-h2 blockquote modern-quote  avia-builder-el-22  el_before_av_textblock  avia-builder-el-first  av-thin-font '><h2 class='av-special-heading-tag '  itemprop=\"headline\"  >Endere\u00e7o da <strong>EMPRESA<\/strong><\/h2><div class='av-subheading av-subheading_below '><p>criativa@criativabrasil.com.br<\/p>\n<\/div><div class='special-heading-border'><div class='special-heading-inner-border'><\/div><\/div><\/div><br \/>\n<section  class='av_textblock_section av-kxkry5ws-72d33bf6fc44f01ea8843cf21e7781a8 '  itemscope=\"itemscope\" itemtype=\"https:\/\/schema.org\/CreativeWork\" ><div class='avia_textblock '  itemprop=\"text\" ><p><iframe loading=\"lazy\" style=\"border: 0;\" src=\"https:\/\/www.google.com\/maps\/embed?pb=!1m18!1m12!1m3!1d3482.38531576318!2d-51.504652384427814!3d-29.21221880002808!2m3!1f0!2f0!3f0!3m2!1i1024!2i768!4f13.1!3m3!1m2!1s0x951c22b7f71853d5%3A0xe043d0ae6c1980b1!2sCriativa%20M%C3%B3veis%20do%20Brasil!5e0!3m2!1spt-BR!2sbr!4v1640374287126!5m2!1spt-BR!2sbr\" width=\"600\" height=\"450\" allowfullscreen=\"allowfullscreen\"><\/iframe><\/p>\n<\/div><\/section><\/p><\/div><div class='flex_column av-k9snr-6c07837528401723912a9cdec5d1d8a1 av_one_half  avia-builder-el-24  el_after_av_one_half  el_before_av_hr  flex_column_div '   ><p>\n<style type=\"text\/css\" data-created_by=\"avia_inline_auto\" id=\"style-css-av-kxks234f-00b3b7226e2298766dfc7520e4743e0e\">\n#top .av-special-heading.av-kxks234f-00b3b7226e2298766dfc7520e4743e0e{\npadding-bottom:20px;\n}\n.av-special-heading.av-kxks234f-00b3b7226e2298766dfc7520e4743e0e .av-subheading{\nfont-size:15px;\n}\n<\/style>\n<div  class='av-special-heading av-kxks234f-00b3b7226e2298766dfc7520e4743e0e av-special-heading-h2 blockquote modern-quote  avia-builder-el-25  el_before_av_contact  avia-builder-el-first  av-thin-font '><h2 class='av-special-heading-tag '  itemprop=\"headline\"  ><strong>CONTATO<\/strong><\/h2><div class='av-subheading av-subheading_below '><p>Este \u00e9 seu meio de comunica\u00e7\u00e3o direta conosco. Para solicitar atendimento ou obter informa\u00e7\u00f5es, preencha o formul\u00e1rio, ligue ou entre em contato por E-mail.<\/p>\n<\/div><div class='special-heading-border'><div class='special-heading-inner-border'><\/div><\/div><\/div><br \/>\n<form action=\"https:\/\/www.criativabrasil.com.br\/\" method=\"post\"  class=\"avia_ajax_form av-form-labels-hidden   avia-builder-el-26  el_after_av_heading  avia-builder-el-last  av-custom-form-color av-dark-form \" data-avia-form-id=\"1\" data-avia-redirect='' ><fieldset><p class='  first_form  form_element form_element_half' id='element_avia_1_1'><label for=\"avia_1_1\">Nome <abbr class=\"required\" title=\"required\">*<\/abbr><\/label> <input name=\"avia_1_1\" class=\"text_input is_empty\" type=\"text\" id=\"avia_1_1\" value=\"\"  placeholder='Nome*'\/><\/p><p class='  form_element form_element_half' id='element_avia_2_1'><label for=\"avia_2_1\">Celular <abbr class=\"required\" title=\"required\">*<\/abbr><\/label> <input name=\"avia_2_1\" class=\"text_input is_phone\" type=\"text\" id=\"avia_2_1\" value=\"\"  placeholder='Celular*'\/><\/p><p class='  first_form  form_element form_element_half' id='element_avia_3_1'><label for=\"avia_3_1\">E-Mail <abbr class=\"required\" title=\"required\">*<\/abbr><\/label> <input name=\"avia_3_1\" class=\"text_input is_email\" type=\"text\" id=\"avia_3_1\" value=\"\"  placeholder='E-Mail*'\/><\/p><p class='  form_element form_element_half' id='element_avia_4_1'><label for=\"avia_4_1\">Cidade <abbr class=\"required\" title=\"required\">*<\/abbr><\/label> <input name=\"avia_4_1\" class=\"text_input is_empty\" type=\"text\" id=\"avia_4_1\" value=\"\"  placeholder='Cidade*'\/><\/p><p class='  first_form  form_element form_fullwidth' id='element_avia_5_1'><label for=\"avia_5_1\">Estado <abbr class=\"required\" title=\"required\">*<\/abbr><\/label> <input name=\"avia_5_1\" class=\"text_input is_empty\" type=\"text\" id=\"avia_5_1\" value=\"\"  placeholder='Estado*'\/><\/p><p class='  first_form  form_element form_fullwidth av-last-visible-form-element' id='element_avia_6_1'><label for=\"avia_6_1\" class=\"textare_label hidden textare_label_avia_6_1\">Mensagem <abbr class=\"required\" title=\"required\">*<\/abbr><\/label><textarea  placeholder='Mensagem*' name=\"avia_6_1\" class=\"text_area is_empty\" cols=\"40\" rows=\"7\" id=\"avia_6_1\" ><\/textarea><\/p><p class=\"hidden\"><input type=\"text\" name=\"avia_7_1\" class=\"hidden \" id=\"avia_7_1\" value=\"\" \/><\/p><p class=\"form_element \"><input type=\"hidden\" value=\"1\" name=\"avia_generated_form1\" \/><input type=\"submit\" value=\"Enviar\" class=\"button\"  data-sending-label=\"Sending\"\/><\/p><\/fieldset><\/form><div id=\"ajaxresponse_1\" class=\"ajaxresponse ajaxresponse_1 hidden\"><\/div><\/p><\/div>\n<style type=\"text\/css\" data-created_by=\"avia_inline_auto\" id=\"style-css-av-81yjz-ec5d536905390cca5b034efa1001a704\">\n#top .hr.hr-invisible.av-81yjz-ec5d536905390cca5b034efa1001a704{\nheight:50px;\n}\n<\/style>\n<div  class='hr av-81yjz-ec5d536905390cca5b034efa1001a704 hr-invisible  avia-builder-el-27  el_after_av_one_half  avia-builder-el-last  '><span class='hr-inner '><span class=\"hr-inner-style\"><\/span><\/span><\/div>\n<\/div><\/div><\/div><!-- close content main div --><\/div><\/div><div id='after_section_3'  class='main_color av_default_container_wrap container_wrap sidebar_right'  ><div class='container av-section-cont-open' ><div class='template-page content  av-content-small alpha units'><div class='post-entry post-entry-type-page post-entry-367'><div class='entry-content-wrapper clearfix'><\/p>\n","protected":false},"excerpt":{"rendered":"","protected":false},"author":1,"featured_media":0,"parent":0,"menu_order":0,"comment_status":"open","ping_status":"open","template":"","meta":{"footnotes":""},"class_list":["post-367","page","type-page","status-publish","hentry"],"_links":{"self":[{"href":"https:\/\/www.criativabrasil.com.br\/index.php?rest_route=\/wp\/v2\/pages\/367","targetHints":{"allow":["GET"]}}],"collection":[{"href":"https:\/\/www.criativabrasil.com.br\/index.php?rest_route=\/wp\/v2\/pages"}],"about":[{"href":"https:\/\/www.criativabrasil.com.br\/index.php?rest_route=\/wp\/v2\/types\/page"}],"author":[{"embeddable":true,"href":"https:\/\/www.criativabrasil.com.br\/index.php?rest_route=\/wp\/v2\/users\/1"}],"replies":[{"embeddable":true,"href":"https:\/\/www.criativabrasil.com.br\/index.php?rest_route=%2Fwp%2Fv2%2Fcomments&post=367"}],"version-history":[{"count":36,"href":"https:\/\/www.criativabrasil.com.br\/index.php?rest_route=\/wp\/v2\/pages\/367\/revisions"}],"predecessor-version":[{"id":463,"href":"https:\/\/www.criativabrasil.com.br\/index.php?rest_route=\/wp\/v2\/pages\/367\/revisions\/463"}],"wp:attachment":[{"href":"https:\/\/www.criativabrasil.com.br\/index.php?rest_route=%2Fwp%2Fv2%2Fmedia&parent=367"}],"curies":[{"name":"wp","href":"https:\/\/api.w.org\/{rel}","templated":true}]}}